vided by 12.
9
What is the remainder when 2162 is divided by 21?
20
Calculate the remainder when 285 is divided by 22.
21
What is the remainder when 130 is divided by 44?
42
Calculate the remainder when 1023 is divided by 74.
61
What is the remainder when 761 is divided by 109?
107
Calculate the remainder when 87 is divided by 5.
2
Calculate the remainder when 164 is divided by 34.
28
What is the remainder when 81 is divided by 45?
36
Calculate the remainder when 797 is divided by 42.
41
What is the remainder when 642 is divided by 108?
102
What is the remainder when 27 is divided by 15?
12
What is the remainder when 3603 is divided by 330?
303
Calculate the remainder when 180 is divided by 42.
12
Calculate the remainder when 286 is divided by 58.
54
What is the remainder when 890 is divided by 146?
14
What is the remainder when 21 is divided by 4?
1
What is the remainder when 37 is divided by 21?
16
What is the remainder when 83 is divided by 28?
27
What is the remainder when 513 is divided by 20?
13
What is the remainder when 131 is divided by 12?
11
What is the remainder when 452 is divided by 26?
10
What is the remainder when 1039 is divided by 40?
39
Calculate the remainder when 31 is divided by 17.
14
Calculate the remainder when 443 is divided by 89.
87
What is the remainder when 474 is divided by 53?
50
Calculate the remainder when 732 is divided by 182.
4
What is the remainder when 108 is divided by 10?
8
Calculate the remainder when 2081 is divided by 60.
41
Calculate the remainder when 1452 is divided by 360.
12
What is the remainder when 122 is divided by 37?
11
What is the remainder when 1520 is divided by 13?
12
What is the remainder when 11246 is divided by 15?
11
Calculate the remainder when 483 is divided by 44.
43
What is the remainder when 897 is divided by 30?
27
Calculate the remainder when 35 is divided by 14.
7
Calculate the remainder when 84 is divided by 44.
40
Calculate the remainder when 1338 is divided by 169.
155
What is the remainder when 1893 is divided by 233?
29
Calculate the remainder when 244 is divided by 206.
38
What is the remainder when 63 is divided by 22?
19
What is the remainder when 511 is divided by 122?
23
Calculate the remainder when 766 is divided by 192.
190
What is the remainder when 680 is divided by 71?
41
Calculate the remainder when 60 is divided by 31.
29
What is the remainder when 208 is divided by 103?
2
Calculate the remainder when 601 is divided by 39.
16
What is the remainder when 3141 is divided by 395?
376
Calculate the remainder when 358 is divided by 90.
88
Calculate the remainder when 149 is divided by 32.
21
Calculate the remainder when 69 is divided by 22.
3
What is the remainder when 65 is divided by 19?
8
What is the remainder when 709 is divided by 14?
9
Calculate the remainder when 1513 is divided by 33.
28
Calculate the remainder when 1209 is divided by 210.
159
What is the remainder when 30 is divided by 6?
0
What is the remainder when 36 is divided by 16?
4
What is the remainder when 1214 is divided by 111?
104
What is the remainder when 634 is divided by 91?
88
Calculate the remainder when 124 is divided by 92.
32
Calculate the remainder when 199 is divided by 28.
3
What is the remainder when 5354 is divided by 52?
50
What is the remainder when 1625 is divided by 42?
29
Calculate the remainder when 1100 is divided by 358.
26
What is the remainder when 1257 is divided by 10?
7
What is the remainder when 51 is divided by 6?
3
What is the remainder when 244 is divided by 79?
7
What is the remainder when 105 is divided by 22?
17
Calculate the remainder when 12 is divided by 8.
4
Calculate the remainder when 86 is divided by 5.
1
Calculate the remainder when 205 is divided by 16.
13
Calculate the remainder when 285 is divided by 26.
25
What is the remainder when 58 is divided by 48?
10
Calculate the remainder when 687 is divided by 46.
43
Calculate the remainder when 15 is divided by 9.
6
What is the remainder when 720 is divided by 220?
60
What is the remainder when 710 is divided by 17?
13
What is the remainder when 14451 is divided by 33?
30
What is the remainder when 604 is divided by 116?
24
Calculate the remainder when 955 is divided by 242.
229
Calculate the remainder when 249 is divided by 42.
39
Calculate the remainder when 56 is divided by 21.
14
Calculate the remainder when 37838 is divided by 55.
53
Calculate the remainder when 1796 is divided by 58.
56
What is the remainder when 63 is divided by 17?
12
What is the remainder when 881 is divided by 22?
1
Calculate the remainder when 54 is divided by 22.
10
What is the remainder when 718 is divided by 18?
16
Calculate the remainder when 737 is divided by 25.
12
Calculate the remainder when 414 is divided by 99.
18
What is the remainder when 67 is divided by 33?
1
Calculate the remainder when 348 is divided by 50.
48
What is the remainder when 556 is divided by 50?
6
Calculate the remainder when 4276 is divided by 122.
6
Calculate the remainder when 2047 is divided by 17.
7
What is the remainder when 283 is divided by 42?
31
Calculate the remainder when 126 is divided by 44.
38
What is the remainder when 11 is divided by 3?
2
Calculate the remainder when 365 is divided by 117.
14
Calculate the remainder when 34 is divided by 8.
2
Calculate the remainder when 106 is divided by 10.
6
What is the remainder when 28 is divided by 11?
6
Calculate the remainder when 316 is divided by 65.
56
What is the remainder when 4197 is divided by 175?
172
Calculate the remainder when 574 is divided by 36.
34
What is the remainder when 73 is divided by 20?
13
What is the remainder when 159 is divided by 44?
27
Calculate the remainder when 1139 is divided by 315.
194
What is the remainder when 1485 is divided by 124?
121
What is the remainder when 2037 is divided by 15?
12
What is the remainder when 927 is divided by 6?
3
What is the remainder when 548 is divided by 113?
96
Calculate the remainder when 2040 is divided by 186.
180
What is the remainder when 402 is divided by 58?
54
Calculate the remainder when 1063 is divided by 86.
31
Calculate the remainder when 344 is divided by 29.
25
Calculate the remainder when 410 is divided by 139.
132
What is the remainder when 5186 is divided by 21?
20
Calculate the remainder when 3429 is divided by 22.
19
Calculate the remainder when 642 is divided by 156.
18
What is the remainder when 414 is divided by 16?
14
Calculate the remainder when 212 is divided by 69.
5
Calculate the remainder when 238 is divided by 28.
14
Calculate the remainder when 162 is divided by 52.
6
What is the remainder when 345 is divided by 105?
30
What is the remainder when 4480 is divided by 22?
14
What is the remainder when 8839 is divided by 17?
16
What is the remainder when 469 is divided by 59?
56
What is the remainder when 460 is divided by 31?
26
What is the remainder when 160 is divided by 52?
4
Calculate the remainder when 923 is divided by 84.
83
What is the remainder when 42 is divided by 5?
2
Calculate the remainder when 202 is divided by 72.
58
Calculate the remainder when 4701 is divided by 112.
109
Calculate the remainder when 1850 is divided by 614.
8
Calculate the remainder when 56 is divided by 23.
10
Calculate the remainder when 3385 is divided by 33.
19
Calculate the remainder when 186 is divided by 19.
15
What is the remainder when 260 is divided by 66?
62
What is the remainder when 64 is divided by 45?
19
Calculate the remainder when 2639 is divided by 40.
39
Calculate the remainder when 243 is divided by 35.
33
Calculate the remainder when 231 is divided by 56.
7
What is the remainder when 2308 is divided by 55?
53
Calculate the remainder when 1174 is divided by 145.
14
What is the remainder when 451 is divided by 77?
66
Calculate the remainder when 1182 is divided by 15.
12
Calculate the remainder when 21 is divided by 11.
10
Calculate the remainder when 332 is divided by 20.
12
What is the remainder when 40 is divided by 22?
18
Calculate the remainder when 1666 is divided by 186.
178
What is the remainder when 7078 is divided by 11?
5
Calculate the remainder when 4505 is divided by 49.
46
Calculate the remainder when 858 is divided by 86.
84
What is the remainder when 4031 is divided by 96?
9